6 + 0/(-19). Let x = -67 - i. Calculate the greatest common factor of x and 91.
13
Suppose 0 = -2*y - 265 - 627. Let u = y + 743. Calculate the highest common factor of u and 27.
27
Suppose -2*l = 4*t - 308, -457 + 146 = -2*l - 3*t. What is the highest common factor of l and 256?
32
Let d(i) = i**3 + 25*i**2 + 115*i + 27. Let j be d(-19). What is the greatest common divisor of 368 and j?
8
Let r be 2/(-6) - (3873/(-9))/1. Calculate the highest common factor of 43 and r.
43
Let x(h) = h**3 - 5*h**2 + 4*h - 1. Let g be x(3). Let v = -3 - g. Suppose 63*z - 28*z - 64 = 27*z. What is the highest common divisor of v and z?
4
Let k(s) = s**3 - 4*s**2 + 7. Let f be k(3). Let q be f/(-3)*147/14. Calculate the greatest common factor of q and 35.
7
Let g be 2*((-63)/(-6) - 5 - 4). What is the highest common divisor of g and 165?
3
Let h be (-3)/2 + (-4)/8. Let c be (2/h)/((-3)/3). What is the highest common factor of 9 and c?
1
Suppose -12 = -3*s, -4*s + 5 + 11 = -4*o. Suppose o = 2*j - 5*d - 55 - 160, -5*d = 3*j - 335. Calculate the greatest common factor of 44 and j.
22
Let t = -630 - -638. Calculate the greatest common divisor of t and 136.
8
Let f be 90/11 + 6/(-33). Let d be (15/9)/((-20)/(-48)). Let x be (-5)/(-10) - 2/(d/(-7)). Calculate the highest common divisor of f and x.
4
Let u = -21 + 29. Suppose m - 24 = -u. What is the greatest common divisor of 144 and m?
16
Let a(m) = 2*m**3 + 56*m**2 + 52*m - 12. Let h be a(-27). Calculate the greatest common factor of h and 14.
14
Let g(u) = u**2 + 3*u - 6. Let i(d) = d - 27. Let c be i(20). Let b be g(c). What is the highest common divisor of 33 and b?
11
Suppose -1440 = 146*c - 164*c. Calculate the highest common factor of c and 288.
16
Let t(f) = -2*f**3 - 15*f**2 + 9*f - 8. Let p be t(-9). What is the highest common factor of 14 and p?
14
Suppose 0 = -27*q + 11553 + 2055. What is the greatest common factor of q and 112?
56
Let n be (13/2)/((-2)/(-4)). Let c = n - 8. Let t be -1*(-9 - (-12)/(-2)). What is the greatest common divisor of t and c?
5
Let u be (-8)/14*1*-7. Suppose 3*w - u*o - 25 = -2*w, 15 = 3*w - 2*o. What is the greatest common factor of 25 and w?
5
Suppose 4*k - 1865 = -2*d + 225, 3*d - 3167 = 2*k. Calculate the highest common divisor of 39 and d.
39
Suppose 658 = 3*p + 4*f, -p + 278 - 72 = 4*f. What is the greatest common divisor of 2 and p?
2
Let b(a) = -9*a**3 + 5*a + 3. Let q be b(-3). Suppose 0 = 5*h + 16 - q. Let j = h - 15. What is the highest common divisor of j and 70?
14
Let w = 8 - 5. Suppose u - 15 - 19 = -w*g, -2*g - 4*u = -26. Suppose -4*p + 33 = 2*b - 29, 4*b - p = 133. Calculate the greatest common factor of g and b.
11
Let n be (-2 - (-7 + 2)) + -3. Suppose 5*o - 1102 + 387 = n. Calculate the highest common factor of o and 13.
13
Suppose -5*u = -5*t + 25, -u + 0*t - 2 = -4*t. Let j be 69*u/(-36) - (-2)/4. What is the greatest common factor of j and 9?
3
Suppose 10*k = 664 - 274. What is the highest common divisor of 325 and k?
13
Suppose 3*p - 4 = 4*i, 0*p - 6 = -5*i + p. Suppose -4*k + 76 = -4*q, -i*k + k - q + 27 = 0. Calculate the highest common factor of k and 115.
23
Let p be (-27 + 28)*(2 - (3 - 244)). What is the highest common divisor of p and 6?
3
Suppose -4*b + 9 = h - 32, -2*h = 2*b - 28. Suppose -74 = -b*y + 97. What is the greatest common factor of 57 and y?
19
Let z be (-46 + -4)*(3 - 72/20). What is the highest common factor of 340 and z?
10
Let z(m) = 5*m + 118. Let g be z(-20). Let w be (-8)/(-1*2/18). Calculate the highest common divisor of w and g.
18
Let s = -165 - -417. What is the greatest common factor of 56 and s?
28
Suppose 105 - 353 = -2*h. Let i = h - -23. Calculate the greatest common divisor of i and 21.
21
Suppose -n - 4030 = -2*v, 0 = -v - 4*n - 0*n + 2006. Calculate the greatest common divisor of v and 38.
38
Let l(b) = -b**2 - 4*b + 17. Let d be l(-6). Calculate the highest common divisor of 40 and d.
5
Let g(h) = h**2 + 4*h - 9. Let l be g(-5). Let w(a) = -2*a - 7. Let v be w(l). Calculate the greatest common factor of 9 and v.
1
Suppose 0*i + 13*i - 52 = 0. Suppose -599 = -5*j + 2*x, -3*j - i*x - 220 + 595 = 0. Let p = 32 - 21. What is the greatest common factor of p and j?
11
Suppose -s + 5*c = -26 + 2, -3*s = -3*c - 24. Suppose s*m + y - 91 = 0, 2*m + y = 3*m - 29. What is the greatest common divisor of m and 3?
3
Suppose -64 = -c - c. Let x = -9 - -10. Let s be 2 - 0 - (-5 - x). Calculate the greatest common factor of c and s.
8
Suppose -2*l = 2*l - 4. Let v be (l + -4)*(-1)/(-1). Let c = 8 + v. What is the greatest common divisor of 5 and c?
5
Suppose 3*s + 144 = 6*o - 3*o, 5*s = -5*o + 240. What is the highest common factor of o and 264?
24
Let c be 2/5*(476 - 1). What is the greatest common divisor of 10 and c?
10
Suppose 3*t = 4*v - 100, 3*v + 11*t = 16*t + 86. What is the highest common factor of 22 and v?
22
Let u(k) = -46*k - 768. Let a be u(-28). What is the highest common divisor of a and 728?
104
Let o(l) be the third derivative of -l**5/60 - 9*l**4/8 - 8*l**3 + 26*l**2. Let m be o(-25). Calculate the highest common factor of 22 and m.
2
Let a be (-384)/4 + 4 + 3/(-3). Let d = -83 - a. Calculate the greatest common divisor of 50 and d.
10
Suppose 16 = 3*o - 92. Calculate the greatest common divisor of o and 12.
12
Let z = -142 - -253. Let y = -89 + z. What is the highest common divisor of 198 and y?
22
Let h(u) = -22*u**3 + 2*u**2 + u. Let t be h(-1). Let n(l) = -l**3 + 12*l**2 + l - 11. Let x be n(8). What is the greatest common divisor of t and x?
23
Suppose -n - 44 = -3*a - 2*n, -a + n = -20. Let g = 13 + a. Calculate the greatest common factor of g and 261.
29
Let s = -822 - -1108. Calculate the greatest common divisor of 66 and s.
22
Suppose -5*p = 2*m - 82 - 96, 5*m - 412 = 4*p. Calculate the greatest common divisor of 4620 and m.
84
Suppose 3*o - 14 = 4. Let c(q) = -q**2 - q + 15. Let g be c(0). Calculate the highest common divisor of o and g.
3
Suppose 3*n = -5*h + 1127, n - 379 = -2*h - 3*h. What is the greatest common factor of 22 and n?
22
Let u(p) = -p - 14*p - p - 17*p. Let o be u(-2). Suppose 2*c = s - 89, 72 + 32 = s + c. What is the highest common divisor of o and s?
33
Suppose -591 - 69 = -5*v. What is the greatest common divisor of 60 and v?
12
Suppose 3*r - 260 = 88. Let b = -109 + r. Calculate the highest common divisor of 77 and b.
7
Suppose 3*a - 309 = -3*k, k - a = 65 + 38. Let h = 125 - k. Calculate the highest common divisor of h and 242.
22
Let i = 2299 + -1627. Calculate the highest common divisor of i and 32.
32
Let w = -39 - 18. Let j = w - -81. Let f(r) = -26*r - 18. Let q be f(-1). What is the greatest common divisor of j and q?
8
Let p be 4 - (-3)/(12/4). Suppose 8*k - p*k + 8 = -l, 3*l + k + 24 = 0. Let f be ((-2)/8 - 3)*l. Calculate the highest common divisor of 13 and f.
13
Let m(w) = -w**2 - 12*w - 11. Let a be m(-9). Calculate the greatest common factor of 2 and a.
2
Suppose -26 = i + i. Let b = i - -17. Suppose 5*j = 2*r - 27, 0 = -r + 5*j + b + 7. Calculate the greatest common factor of r and 4.
4
Let r(h) = 4*h**2 - h**3 + 5*h + 9 - h**2 + 17*h**2 - 23*h. Let p be r(19). Calculate the greatest common factor of 4 and p.
4
Suppose -70 = -11*q + 4*q. Suppose 2*u = 4 + q. Calculate the greatest common divisor of 28 and u.
7
Let q = -215 + 292. Calculate the greatest common factor of 175 and q.
7
Let p(l) be the second derivative of -l**4/12 - 13*l**3/6 - 31*l**2/2 + 11*l. Let b be p(-8). Calculate the greatest common divisor of 36 and b.
9
Let x(b) = 3*b**2 + 4*b + 4. Let f be x(5). Let a(v) = 4*v + 29. Let s be a(-5). Calculate the highest common divisor of f and s.
9
Let t = -2 + 0. Let p(u) = -2*u - 2. Let m be p(t). Suppose m*a - 82 = -l, 86 = -3*a + 5*a + 3*l. What is the highest common divisor of 4 and a?
4
Let a(u) be the second derivative of -u**5/20 + u**4 - 11*u**3/3 + 10*u**2 - 8*u. Let x be a(9). What is the highest common divisor of 13 and x?
13
Let x be (8/(-20))/(2/80). Let m = x - -18. Let w be 1/4 + 124/16. What is the highest common divisor of m and w?
2
Suppose 2*f = 6*f - 756. Let z(y) = 5*y + 47. Let o be z(-4). What is the highest common divisor of f and o?
27
Suppose -3*z + 4*m = 5*m - 65, 0 = 3*z + 5*m - 73. What is the highest common factor of z and 3297